*a**3 + 162*a**2 + 12*a + 495. Calculate n(-81).
-477
Let i(v) = -2*v**2 - 95*v - 1126. What is i(-20)?
-26
Let c(t) = 27*t**2 + 2501*t - 19928. Give c(-100).
-28
Let t(o) = -118*o + 2137. What is t(29)?
-1285
Let b(i) = 27*i**2 + 1887*i + 21110. Give b(-14).
-16
Let v(d) = -d**3 - d**2 + 164*d - 746. Calculate v(6).
-14
Let g(o) = o**3 - 17*o**2 + 827*o - 27578. What is g(26)?
8
Let z(b) = -42215*b - 210984. Determine z(-5).
91
Let x(l) = -2*l**2 - 307*l - 8866. Give x(-115).
-11
Let d(f) = 1351*f**2 - 10810*f - 2. Calculate d(8).
-18
Let y(m) = 181*m - 596. Determine y(-13).
-2949
Let a(i) = -i**3 + 143*i**2 - 830*i + 394. Give a(137).
-702
Let l(u) = -3*u**3 + 79*u**2 + 185*u - 1356. What is l(28)?
-96
Let k(x) = 3*x**3 + 19*x**2 + 66*x + 650. Give k(-10).
-1110
Let u(x) = 2*x**3 + 105*x**2 + 35*x + 147. Calculate u(-53).
-4517
Let y(d) = 645*d + 7276. What is y(-10)?
826
Let r(u) = 5*u**2 + 46*u + 42. What is r(5)?
397
Let g(o) = 66512*o + 1197742. What is g(-18)?
526
Let t(k) = -10354*k + 5363352. Determine t(518).
-20
Let r(w) = -10*w**3 + 7*w**2 - 2346*w - 4701. Determine r(-2).
99
Let k(l) = -2*l**2 + 8673*l - 34687. Calculate k(4).
-27
Let r(t) = t**2 + 92*t + 1828. Calculate r(-34).
-144
Let i(s) = 17*s**3 - 199*s**2 - 75*s + 334. Give i(12).
154
Let l(t) = 334*t**2 + 497*t - 13. Determine l(-3).
1502
Let f(z) = 18211*z + 127750. What is f(-7)?
273
Let d(y) = -y**3 + y**2 - 17*y - 37. Determine d(-8).
675
Let x(d) = 18*d**2 + 2407*d - 2420. Calculate x(1).
5
Let p(r) = -r**2 - 13400*r - 853515. Determine p(-64).
-11
Let q(h) = h**3 + 19*h**2 - 179*h - 56. Give q(7).
-35
Let z(g) = g**3 - 996*g**2 - 15183*g - 254. What is z(-15)?
16
Let v(x) = x**3 - 18*x**2 + 488*x - 8188. Determine v(17).
-181
Let f(t) = 39*t - 1273. Determine f(130).
3797
Let q(s) = -2*s**3 - 80*s**2 - 388*s + 717. What is q(-34)?
37
Let v(u) = -3*u**3 - 287*u**2 + 95*u - 224. Calculate v(-96).
-128
Let b(h) = 6*h**3 + 131*h**2 - 173*h - 2639. Calculate b(-22).
683
Let f(r) = -2*r**2 - 40548*r - 648255. Determine f(-16).
1
Let g(w) = -17*w**2 - 39*w - 18. Determine g(-9).
-1044
Let b(o) = -1519*o + 47393. Calculate b(31).
304
Let j(b) = 46*b**2 + 9697*b - 31462. What is j(-214)?
-4
Let h(k) = 2003*k - 2331520. Calculate h(1164).
-28
Let o(n) = -5*n**3 + 2521*n**2 + 14793*n - 1414. Give o(510).
116
Let t(c) = -c**3 + 26*c**2 - 322*c + 1609. What is t(10)?
-11
Let u(r) = 449*r - 12148. Give u(27).
-25
Let x(a) = -140*a**2 + 68460*a + 10. Calculate x(489).
10
Let m(k) = -35067*k + 35085. What is m(1)?
18
Let a(v) = -4*v**3 - 8*v**2 - 2346*v + 2351. Give a(1).
-7
Let o(f) = 2*f**3 + 86*f**2 - 834*f - 815. What is o(-51)?
103
Let z(w) = -17*w**2 - 255*w - 752. Calculate z(-11).
-4
Let a(c) = -c**3 - 91*c**2 + 284*c + 557. Calculate a(-94).
369
Let v(z) = -z**2 + 3342*z + 886484. What is v(-247)?
1
Let d(n) = -78251*n - 312999. Determine d(-4).
5
Let s(r) = -96*r + 865. Give s(10).
-95
Let v(r) = -3*r**3 + 29*r**2 - 235*r + 16. Calculate v(7).
-1237
Let o(n) = 2*n**2 - 474*n + 9513. Give o(215).
53
Let q(n) = n**3 + 54*n**2 + 729*n - 62. Calculate q(-23).
-430
Let k(p) = 154156*p + 1233263. Calculate k(-8).
15
Let u(f) = -4*f**3 + 243*f**2 - 184*f + 16102. Give u(61).
1157
Let o(y) = -3*y**3 + 31*y**2 - 90*y + 365. What is o(9)?
-121
Let h(v) = 3*v**2 + 149*v - 4281. Calculate h(23).
733
Let d(y) = 31*y**2 - 361*y + 796. What is d(3)?
-8
Let r(n) = 3*n**3 + 577*n**2 + 643*n - 23108. What is r(-191)?
3
Let d(w) = -118043*w + 73. What is d(0)?
73
Let o(l) = -33*l + 292. What is o(-2)?
358
Let a(w) = w**3 + 54*w**2 + 215*w - 1614. Determine a(-49).
-144
Let n(f) = -456*f + 32408. What is n(71)?
32
Let u(z) = -500*z + 186436. Calculate u(373).
-64
Let a(f) = 166*f**2 - 229*f - 10. What is a(5)?
2995
Let s(a) = 2001*a + 37857. Give s(-19).
-162
Let w(f) = -f**3 - 16*f**2 + 224*f - 1159. Give w(7).
-718
Let f(z) = -2*z**2 - 79*z - 1269. Determine f(-14).
-555
Let q(h) = 66017*h - 3961027. Calculate q(60).
-7
Let i(v) = -v**3 + 2*v**2 + 504*v - 1648. Calculate i(-23).
-15
Let h(j) = 137378*j - 3709207. Calculate h(27).
-1
Let x(i) = i**3 - 30*i**2 + 101*i + 4. Determine x(17).
-2036
Let s(d) = -167*d**2 - 344*d - 693. Give s(-2).
-673
Let o(n) = n**2 + 141*n + 3174. Calculate o(-35).
-536
Let g(k) = -35855*k + 1756939. Determine g(49).
44
Let c(j) = 82*j**3 + 9431*j**2 + 118*j + 220. Give c(-115).
-125
Let l(j) = j**3 - 113*j**2 + 91*j + 1939. What is l(112)?
-413
Let o(z) = -186*z - 9708. Give o(-45).
-1338
Let t(d) = d**2 + 259*d + 10283. Give t(-49).
-7
Let b(x) = -1755*x - 12143. Determine b(-7).
142
Let q(g) = 4*g**2 + 685*g + 12617. Give q(-21).
-4
Let k(d) = d**3 + 375*d**2 - 908*d + 307. Calculate k(2).
-1
Let r(g) = 1933*g - 22794. Determine r(12).
402
Let l(o) = 690*o**2 - 41382*o - 1081. Calculate l(60).
-1
Let c(a) = 2*a**3 - 25*a**2 - 95*a + 1316. Determine c(14).
574
Let g(a) = -2085*a + 170978. Calculate g(82).
8
Let k(o) = 32429*o + 64838. What is k(-2)?
-20
Let d(p) = p**2 + 1545*p - 97998. What is d(61)?
-32
Let z(f) = f**3 - 683*f**2 + 5685*f - 2299. Calculate z(8).
-19
Let k(g) = -7*g**2 + 86*g + 48. Determine k(8).
288
Let q(l) = 68*l**3 - 19*l**2 - 204*l - 439. Calculate q(-3).
-1834
Let c(f) = 18243*f**2 + 2*f - 19. Give c(0).
-19
Let l(g) = 287092*g - 287087. Calculate l(1).
5
Let n(d) = -13599*d - 2203031. Determine n(-162).
7
Let k(b) = 1344*b + 36252. What is k(-27)?
-36
Let d(w) = 23*w**2 - 4046*w + 107. Calculate d(176).
459
Let a(t) = -2*t**3 + 78*t**2 - 114*t - 1192. Give a(37).
66
Let n(o) = -2081*o + 903. Give n(3).
-5340
Let w(a) = -147*a**2 + 641*a + 1294. What is w(-2)?
-576
Let m(b) = 8*b**3 + 250*b**2 - 460*b + 80. Determine m(-33).
14
Let l(v) = -78839*v - 2207497. Calculate l(-28).
-5
Let z(h) = 53942*h + 161825. Give z(-3).
-1
Let s(u) = 680*u**3 + 638*u**2 - 7*u - 4. Give s(-1).
-39
Let a(o) = 925510*o + 12031653. What is a(-13)?
23
Let f(m) = -1825*m + 3980. Give f(2).
330
Let p(k) = -6*k**3 + 45*k**2 + 5*k - 43. Determine p(8).
-195
Let c(t) = -48*t**3 + 1163*t**2 - 256*t - 414. Determine c(24).
-222
Let q(i) = -21*i**3 + 279*i**2 + 1105*i - 15372. Give q(13).
7
Let j(x) = 7256*x + 232502. Give j(-32).
310
Let p(v) = 3*v**3 + 218*v**2 + 1843*v - 101. Determine p(-63).
-1109
Let u(l) = 2*l**3 + 202*l**2 + 4890*l + 9. Give u(-61).
-601
Let h(m) = -30*m**3 + 3*m**2 + 223*m + 453. Calculate h(-2).
259
Let b(u) = -u**3 + 38*u**2 - 11*u - 341. What is b(37)?
621
Let q(l) = 576*l + 2330. Calculate q(-4).
26
Let m(k) = 9*k**2 + 589*k - 6462. What is m(-75)?
-12
Let x(u) = 6361*u - 6676. What is x(1)?
-315
Let c(f) = -f**3 - 71*f**2 + 838*f + 626. Calculate c(11).
-78
Let o(q) = -7555*q - 166260. Determine o(-22).
-50
Let r(d) = -3589*d - 17657. Determine r(-5).
288
Let u(s) = 2*s**2 - 427*s - 14448. What is u(243)?
-111
Let h(s) = 16*s - 7135. Give h(446).
1
Let d(o) = 95*o + 5925. What is d(-60)?
225
Let b(f) = -420*f - 1625. Determine b(-3).
-365
Let c(h) = -h**3 - 4*h**2 - 1373*h + 4159. Give c(3).
-23
Let b(o) = 397*o - 28293. Calculate b(72).
291
Let q(u) = -15*u**2 - 1064*u + 1206. Calculate q(-72).
54
Let c(x) = 86*x**3 - 43*x**2 + 40*x + 4. Determine c(1).
87
Let w(d) = 52*d**2 - 6551*d - 227. Calculate w(126).
-101
Let p(o) = 2*o**3 + 36*o**2 + 1467*o + 10465. Calculate p(-8).
9
Let j(s) = -s**3 + 290*s**2 - 357*s + 19647. Calculate j(289).
-5
Let g(a) = 4*a**3 - 903*a**2 - 1168*a + 7485. Calculate g(227).
-6
Let x(p) = 64*p**2 + 441*p - 34. Calculate x(-9).
1181
Let z(x) = x**3 - 13*x**2 - 4516*x + 54320. What is z(12)?
-16
Let b(g) = g**2 - 165*g + 3849. Calculate b(51).
-1965
Let q(t) = -6465*t + 32317. Determine q(5).
-8
Let m(n) = n**3 - 310*n**2 - 3889*n + 8112. What is m(322)?
62
Let b(z) = 12137*z - 3058526. What is b(252)?
-2
Let a(t) = -7911*t - 1613860. Determine a(-204).
-16
Let m(l) = 129*l**2 - 870*l - 149. Calculate m(7).
82
Let g(y) = -y**2 + 1105*y + 5536. Calculate g(-5).
-14
Let h(c) = -898*c**2 - 1954*c - 2. Determine h(-2).
314
Let w(x) = 16*x**2 - 2236*x - 2828. Give w(141).
-8
Let l(d) = -d**2 - 89266*d - 267801. Give l(-3).
-12
Let j(d) = 374*d - 1424. Determine j(3).
-302
Let x(r) = -1439*r + 1566. Determine x(1).
127
Let q(u) = 261*u**2 + 209*u - 3. Determine q(2).
1459
Let c(a) = 15*a + 1445. Determine